 of n?
5
Let p(x) = 3 - 11*x - 10 + x**2 - 16. Let r be p(13). What is the tens digit of ((-9)/((-9)/4))/(1/r)?
1
Suppose a = -2*s + 3666, -s - 3*s = -4*a - 7344. Suppose -11*f = 3*f - s. What is the units digit of f?
1
Let i = 142 - -762. Suppose 2*h - 44 = -2*q + 860, 2*q - 3*h = i. What is the tens digit of q?
5
What is the hundreds digit of 48*(-85664)/(-120) - 4/(-10)?
2
Let t = -5036 - -13573. What is the units digit of t?
7
Let w be 500 - (7/2 - (-6)/(-12)). Let f = w - 260. Suppose -2*k + 88 + 43 = 3*l, -f = -4*k - l. What is the tens digit of k?
5
What is the units digit of (-7769)/(11 + -12) - -15?
4
Let x be (-2)/(-4) - 5360/160. Suppose 47 + 121 = 3*w. Let a = x + w. What is the tens digit of a?
2
Suppose 2*n + 65212 = 3*w, 22*w - 4*n = 23*w - 21756. What is the ten thousands digit of w?
2
Suppose 0 = 49*x - 69156 - 80196. What is the thousands digit of x?
3
Let h = 341 + -339. Let u(y) = 112*y**3 - y**2 + 2*y - 6. What is the tens digit of u(h)?
9
Let t(q) = -50*q**2 + 2*q + 20*q**2 + 27*q**2 - 613*q**3 - 6*q - 2. What is the tens digit of t(-1)?
1
What is the ten thousands digit of (25/((-375)/(-160)))/(-3*6/(-60129))?
3
Let b = 52021 - 36344. What is the thousands digit of b?
5
Suppose 0 = -d + 4*n - 12, 4 = -d - d + 3*n. Suppose 0 = 2*p - 3*p + d. Let g(f) = -f + 18. What is the units digit of g(p)?
4
Let s = -405 - -305. Let a = 547 + s. What is the units digit of a?
7
Suppose 11*b = b + 620. Suppose -b*n + 66*n = 1828. What is the tens digit of n?
5
Let k be (286/(-33) - -9)/((-2)/(-18)). Suppose -5*x = k*d - 48, -d = 20*x - 17*x - 20. What is the tens digit of d?
1
Suppose -4*q + 16186 = 5*j, -4*j + 5*q - 4080 + 16996 = 0. What is the units digit of j?
4
Suppose -3*o - 13 = -7, -o - 527 = 5*t. What is the units digit of 31*(6/14 - 60/t)?
1
Let n be ((-6)/(-18))/(2/18). Suppose -t + 0*t = -n*z - 5, 3*z + 15 = 3*t. Suppose -2*i + z*u - u = -13, -2*u - 10 = -2*i. What is the units digit of i?
6
Let x be 0 - -1 - (-2)/1. Suppose -3*s - 3 = -2*k, -2*s + 33 = 3*k + x*s. Suppose -464 = -2*p - k*p. What is the tens digit of p?
5
Let y(h) = 2*h**2 + 6*h + 5. Suppose 0 = m - 1 + 2. Let b be y(m). What is the units digit of 23 - (b - -3)/4?
2
Let s(p) = 1022*p**2 - 40*p + 152. What is the thousands digit of s(6)?
6
Suppose 3*w - w = 6. Let o be ((-4)/w)/(24/(-5652)). Suppose 3*a - o = -4*v, 531 = -2*a + 7*a - v. What is the hundreds digit of a?
1
Suppose -53*v - 225480 = -93*v. What is the tens digit of v?
3
Let k be ((-2)/3)/(16/(-24)). Let g be (0/2*(0 - k))/2. Suppose -3*l = j - 35, 0 = -g*j + 3*j + 2*l - 119. What is the tens digit of j?
4
Let q = 2192 + 336. What is the units digit of q?
8
Let m = -774 + 460. What is the units digit of 7/((-42)/6)*m?
4
Suppose -24*y = -26*y + 8, 2*z + y - 29502 = 0. What is the thousands digit of z?
4
What is the hundreds digit of 108/(-126) - 1/(21/(-437406))?
8
Let t be (-12)/2*(-18)/36 + -91. Let m = 42 + t. Let x = 61 + m. What is the units digit of x?
5
Let k(z) = -z**2 + 7*z + 25. Let h(u) = -8*u - 6. Let x be h(-2). Let j be k(x). Let v = 17 - j. What is the tens digit of v?
2
Let b(j) = -10*j - 1. Let m be b(8). Let o = -74 - m. Suppose -o*g - 484 = -1723. What is the hundreds digit of g?
1
Let c = 42034 + -1009. What is the ten thousands digit of c?
4
Let b = -21390 - -55135. What is the ten thousands digit of b?
3
Suppose -3*n - 6*a + 16 = -a, 4*n = 3*a + 31. Suppose -n*q + 15 = -90. Suppose 0 = -2*t + q - 1. What is the units digit of t?
7
Let v(z) = 10*z. Let u be v(6). What is the hundreds digit of u/10*2/12 + 613?
6
Suppose -12*h - 400 = -448. Suppose -5*d + 5*o + 68 + 2 = 0, 3*d - 2*o = 39. Suppose 0 = -c + h*v + 29, -5*v + d = 3*c - 2*c. What is the units digit of c?
1
Suppose -v - 380 = 4*p, -3*p + v = 2*p + 475. Let j = p - -110. Suppose j*a - 1475 = 10*a. What is the units digit of a?
5
Let r be 2 - (1 - 512)*(-10)/(-10). Let d = r - 312. Suppose -d - 99 = -5*s. What is the units digit of s?
0
Let o(c) = c**3 + 9*c**2 + 11*c + 15. Suppose -2*t + y + 98 = t, 2*t - 60 = -2*y. Let r = 25 - t. What is the tens digit of o(r)?
3
Suppose -11*s = -90 + 24. What is the units digit of 1*2318/s + 330/(-990)?
6
Suppose -9*g + 13 = -5. Suppose g*f - 564 - 252 = 0. Suppose 0*x - f = -2*x. What is the tens digit of x?
0
Let d(v) = -339497 + 679007 + 6*v - 339486. Let p = -21 - -33. What is the units digit of d(p)?
6
Let p(r) be the second derivative of -21*r**3 - 13*r**3 + 18*r + 48*r**3 - 15*r**3 + 7*r**2. What is the units digit of p(-25)?
4
Let l(f) = f**2 - 2*f + 4. Let o be l(0). Suppose -4*p + 4*u - 516 = 0, -5*u + 512 = -o*p - 0*p. What is the hundreds digit of (1 + 4)/(-5) - p?
1
Let y(r) be the first derivative of -70*r**2 - 5*r + 77. What is the tens digit of y(-10)?
9
Let n = -624 - -12384. What is the tens digit of n?
6
Let z be (20/48*3)/(1/4). Suppose v - 5*m - 477 = -2*v, 773 = z*v - m. What is the hundreds digit of v?
1
Let z be 7/((-14)/4)*(-109)/2. Suppose 7*v + z - 410 = 0. What is the units digit of v?
3
Suppose 8*w = -2*w + 170. Suppose -w = -7*i + 18. Suppose 122 = 3*y - x, x - 192 = -i*y - 3*x. What is the units digit of y?
0
Suppose 5*s - 189127 = 4*o - 28844, 0 = -s + 3*o + 32050. What is the ten thousands digit of s?
3
Let i = 95 + -85. Suppose -3*j - 5*b - i = 10, -j - 4*b = 16. Suppose j*p - 592 = -4*p + 2*z, -2*p = 5*z - 296. What is the tens digit of p?
4
Let r(v) be the first derivative of -v**4/4 - 7*v**3/3 + v**2 + 15*v - 13. Let b be r(-7). What is the units digit of 52 + 6/(-3) + b?
1
Let t = -27518 + 64594. What is the ten thousands digit of t?
3
Let h be 15/(-30) + 42/(-4). Let x(p) = 2*p**2 + 17*p + 7. Let q be x(h). Let d = 84 - q. What is the units digit of d?
2
Let c = 9376 - -5860. What is the thousands digit of c?
5
Let u(b) = -7 - 180 - 37 + 147*b - 28*b. What is the tens digit of u(5)?
7
Suppose -805 = 8*g + 2187. Let j = -149 - g. What is the tens digit of j?
2
Let q(v) = 2*v**2 + v. Let b be q(2). Suppose 1091 + 989 = b*h. What is the units digit of h?
8
Let k be -35 + ((1 - 2)*5 - -3). Let m = k + 158. Suppose 2*f - f - 2*h - m = 0, -4*f - h = -493. What is the tens digit of f?
2
Suppose 0 = -3*q + 5*v + 24583, -16*q + 32779 = -12*q - 5*v. What is the hundreds digit of q?
1
Let y(t) = t**3 + 17*t**2 + t + 3. Let v = -8 - 0. What is the hundreds digit of y(v)?
5
Let x = -22617 - -32838. What is the hundreds digit of x?
2
Let l = 112238 + -79213. What is the units digit of l?
5
Let f = -81 + 84. Suppose -f*o = -18*o + 8115. What is the hundreds digit of o?
5
Let q be 3 + -6 - (1 + -6 - -854). Let u = q - -1316. What is the hundreds digit of u?
4
Suppose 2*z = -4*a + 24, z = -0*a - 3*a + 19. Suppose -3*o = -a*o + 20. Suppose o*q - 1380 = 3*v, q - 2*v - 288 = v. What is the hundreds digit of q?
2
Suppose -12*n + 93330 = 22*n. Suppose 3*d + 2*d = -5*u + n, -d = 4. What is the tens digit of u?
5
Let u(k) = -3*k**3 + 104*k**2 - 64*k - 317. What is the units digit of u(32)?
7
Suppose 15*a = 16*a - 1. Let w be (a - 33)/(-4) - 4. Suppose -4*n + 5*n - 145 = 2*u, w*n = -2*u + 540. What is the tens digit of n?
3
What is the units digit of 5486/14 + ((-1360)/(-112) - 12)?
2
Suppose -2*x + 3*q - 17 = -6*x, 0 = -2*x - 5*q + 19. Suppose -3*r + 5*d + 662 = 0, 5 = -x*d + 3*d. What is the tens digit of r?
2
Suppose 3*n + 2 = 3*d + 23, 5*d + 35 = -2*n. Suppose 11*o - 6*o = 955. What is the tens digit of (-6 - d)/(1/o)?
9
Suppose -4*r = -5*j + 98600, -4*j - 76*r + 78880 = -73*r. What is the hundreds digit of j?
7
Let p = -265 + 262. What is the units digit of ((-74682)/38)/p + 50/(-475)?
5
Suppose 15*u + 270522 = 5*p + 16*u, -2*p + 108234 = 4*u. What is the ten thousands digit of p?
5
Let s = -11457 - -16215. What is the tens digit of s?
5
Suppose 7*p - 3*p = 7*p. Suppose p = -3*i + 2 + 4. Suppose -44 + 276 = i*l. What is the units digit of l?
6
Let b(z) = 18 + 1 + 6*z - 5*z. Let g be b(-8). Let i(u) = -u**2 + 15*u + 6. What is the units digit of i(g)?
0
Suppose -100*w = -92*w - 61400. What is the hundreds digit of w?
6
Suppose -7715 = -2*c - 5*n, -c + 3*n - 1779 + 5664 = 0. What is the hundreds digit of c?
8
Let v = -86 + 83. What is the tens digit of (-1 + -51)*(126/8)/v?
7
Let s(r) = -728*r - 21. Let q be s(4). Let b be q/(-42) - 1/(-6). Suppose 0 = -n + 2, f 